9 + 149, -2*u = d*f - 138. What is the greatest common divisor of 17 and f?
17
Let a(t) = 11*t**2 - t - 2. Let y be a(-1). Suppose 5*f - 2*p - 139 = 0, 0 = 4*p - 2 + y. Calculate the greatest common factor of 27 and f.
27
Let g be (108/(-8))/((-2)/36 - 0). Suppose -5*r + 8*r = g. What is the highest common factor of r and 9?
9
Suppose 0 = -i - 41 - 23. Let l = 50 - i. Let q = l - 48. Calculate the highest common factor of 165 and q.
33
Suppose s - 3*h - 41 = 0, -s + 27 = 4*h - 21. What is the highest common divisor of 22 and s?
22
Suppose -y - 1 + 6 = 4*b, 2*y = b + 10. Calculate the highest common factor of 355 and y.
5
Let k = -150 - -232. Calculate the highest common divisor of k and 41.
41
Suppose -4*s = -45 - 15. Let d(f) = 30*f**3 - f**2 - 2. Let r(o) = 1. Let h(g) = -d(g) - 3*r(g). Let v be h(-1). What is the highest common divisor of s and v?
15
Let v = 85 - 82. Let k be 5 - (1*-18 + v). Calculate the greatest common divisor of k and 50.
10
Suppose -28 = -8*y + 108. Suppose 0 = p + 2*p + 6. Let h be ((-4)/(-2))/p + 35. Calculate the greatest common factor of y and h.
17
Suppose -4*u + 77 + 75 = 3*r, 3*r = 5*u - 190. Let t be u/(-3) - 6/18. Let k be (26 + t)*(-1)/(-1). Calculate the highest common divisor of 91 and k.
13
Suppose 116*y + 3472 = 123*y. What is the greatest common factor of y and 32?
16
Let n be (24/(-14))/(((-16)/56)/1). Calculate the greatest common factor of 66 and n.
6
Let z = -383 - -655. What is the greatest common divisor of 16 and z?
16
Suppose -14*t + 385 = -7*t. What is the greatest common divisor of t and 20?
5
Suppose -2*o - 4*l = -52, 3*o - 2*l - 3*l = 56. Suppose 305 = 3*i + 5*g, 2*g - 513 = -5*i + 27. What is the greatest common divisor of o and i?
22
Let w = -12 + 14. Let o(g) = g - 2*g + 2*g - 10*g + 6 - g**w. Let j be o(-7). What is the highest common divisor of 8 and j?
4
Let j(m) = 72*m + 8. Let y(f) = -1. Let c(t) = j(t) + 5*y(t). Let x be c(1). What is the highest common factor of 25 and x?
25
Let p(s) = 8*s - 27. Suppose -5*g + 4*c + 18 = 0, 5*g = 2*c + c + 21. Let l be p(g). Calculate the greatest common factor of l and 14.
7
Let j be (-3)/(75/(-10)) - 108/(-5). Calculate the greatest common divisor of 22 and j.
22
Let g = 0 + 1. Let q(c) = 2*c**2 + 47*c - 17. Let r be q(-24). Calculate the greatest common divisor of r and g.
1
Let s(k) = -k**3 + 2*k**2 + 4*k + 2. Let z be s(-2). Let w(u) = -2*u**2 + 25*u - 5. Let a be w(z). Calculate the greatest common factor of a and 5.
5
Let f(m) = -27*m - 57. Let o be f(-3). What is the highest common factor of o and 100?
4
Let h = -6 + 35. Let c be ((-1)/(-2))/(-9 - 15670/(-1740)). Calculate the highest common divisor of c and h.
29
Suppose 2*g - 5 = 21. Let i be (g - 6) + (0 - 3). Suppose 14 - i = 2*t. Calculate the greatest common factor of 25 and t.
5
Let q = -225 + 230. Calculate the highest common divisor of q and 25.
5
Suppose 3*o - 37 = 8. Let d be 231/o - (-4)/(-10). Suppose 25 + d = 2*z. What is the highest common factor of z and 220?
20
Suppose -2*s + 0*d - 3*d + 48 = 0, 3*s - 72 = -d. Suppose -7*k = -281 + 57. What is the highest common factor of k and s?
8
Suppose 4 = 3*s - 5. Let h be s + 3 + -3 - 1. Suppose w - 48 = -h*w. What is the greatest common divisor of w and 2?
2
Let g = 405 - 237. Suppose 8*n - 3*n - 105 = 0. Calculate the highest common divisor of n and g.
21
Let o(k) = k**2 + 7*k - 8. Let g be (-9 + 3)*6/4. Let d be o(g). What is the greatest common factor of 70 and d?
10
Suppose -3*i = 2*i. Suppose i = s + s - 6. Suppose l - 4 = 2*y + 36, -s*l + 110 = -y. What is the highest common divisor of 54 and l?
18
Suppose a + 0*a - 298 = -p, -4*a = -3*p - 1171. Let m = a + -167. What is the greatest common divisor of m and 16?
16
Let t = 2570 + -2370. What is the greatest common factor of t and 3100?
100
Suppose 3*c - 100 = -2*c. Suppose 5*i - 2*i = 15, 0 = 4*b - 4*i - 700. What is the highest common divisor of c and b?
20
Let p(g) = -20*g - 390. Let z be p(-20). What is the greatest common factor of 285 and z?
5
Suppose 0*l - 2*l + 26 = m, -2*l + 4 = 0. Let i = 44 - 42. What is the greatest common divisor of i and m?
2
Suppose 21*j = 18*j - 6. Let w be (j + 8/12)*-45. What is the highest common factor of 12 and w?
12
Suppose 0 = 5*i - 2 - 68. Suppose 4*m - 6*m = -204. Let n = 228 - m. Calculate the highest common factor of i and n.
14
Suppose 44*l = 40*l + 5*d + 515, -l - 2*d + 132 = 0. Calculate the highest common divisor of 20 and l.
10
Suppose 5 = -3*b - 2*n, -10*b - 3*n = -5*b + 7. Calculate the greatest common divisor of 1 and b.
1
Suppose -7*t + 32 = t. Suppose 51 = 4*c - n + t*n, 4*n - 52 = -4*c. What is the highest common factor of c and 72?
12
Suppose -11984 - 53744 = -64*l. What is the highest common divisor of 26 and l?
13
Suppose -7*r + 4*r = -12. Let x be (56/21)/(r/18). What is the highest common factor of 12 and x?
12
Let t(i) = 12*i - 6. Let l be t(4). Suppose 0 = -d + 31 + 11. Suppose 14 = 4*m - d. What is the highest common factor of l and m?
14
Suppose -23 = 3*l + 82. Let f = l + 67. What is the highest common divisor of f and 352?
32
Suppose u = -6*i + 3*i - 7, 0 = -4*i - 16. Suppose 2*r + 3*m - 195 = 0, 3*m + 345 = -r + u*r. Calculate the greatest common divisor of r and 18.
18
Suppose -9 - 31 = -2*b. Calculate the highest common factor of 60 and b.
20
Let z be (-3 - (-20)/8)*(16 - 0). Let s = 32 - z. Suppose 3*v - 5*v + 32 = y, -4*y - 80 = -5*v. Calculate the greatest common divisor of s and v.
8
Suppose -i - 22*f = -26*f - 212, 0 = i - 3*f - 209. What is the highest common factor of 250 and i?
50
Suppose -m + 0*m + 1 = -4*i, -4*i - 6 = -2*m. Let q be i/(-12)*-4*93. Suppose -6 + q = 5*c. Calculate the greatest common divisor of c and 20.
5
Suppose -48*s + 89*s = 328. Let p = -4 + 8. Calculate the greatest common factor of s and p.
4
Let v(c) = c**3 + 14*c**2 - 16*c + 15. Let d be v(-15). Suppose 2*y - d = -y. Calculate the greatest common divisor of y and 20.
10
Let l be 10/5*(-3 + 5). Suppose -l*s - 10 = -6*s - t, 0 = -s + 2*t + 5. Let p(v) = 4*v + 4. Let k be p(s). What is the greatest common divisor of k and 3?
3
Suppose 4 = 13*p - 12*p. Calculate the greatest common factor of p and 192.
4
Let l be ((0 - -1)*-1)/(-1). Let z(d) = 17*d**3 + d**2 - 2*d + 1. Let t be z(l). Calculate the greatest common factor of t and 85.
17
Let c(s) = -3*s + 13. Let j be c(4). Let h be j/9 - (-494)/171. Suppose 0 = x + 4*q - 1, 3*x - x = h*q + 57. Calculate the highest common divisor of x and 3.
3
Let w(k) = -k**3 + 5*k**2 - 3*k. Suppose 2*a + 3*z + 1 = 13, 0 = 3*a + z - 11. Let u be w(a). What is the greatest common factor of 63 and u?
9
Suppose 4*s - m = 963, 5*m - 153 - 792 = -4*s. Calculate the greatest common factor of 192 and s.
48
Let l(k) = -k**3 + 16*k**2 - 6*k - 8. Let i be l(15). Suppose 0 = -w - 4*b + 80, 4*w - i = 4*b + 193. What is the greatest common divisor of w and 10?
10
Let t be (-415)/(-85) - 3*(-2)/51. What is the greatest common factor of t and 215?
5
Suppose 2*u + j = -166, 3*u + u + 332 = 5*j. Let i be -2*(7 + u) + 2*1. What is the greatest common factor of i and 44?
22
Let c be 2*-1*(-102)/(-4) - -1. Let m = 49 - c. Let l = 24 + -15. Calculate the highest common divisor of m and l.
9
Suppose -5*c + 14 = -11. Let k(y) = -7 - c*y + 14 - y. Let n be k(-8). What is the greatest common divisor of n and 5?
5
Let n(l) = 2*l**2 - 3. Let z be n(-2). Suppose -3*g + 96 = w, 125 = 3*w - z*g - 107. Calculate the greatest common divisor of w and 56.
28
Let n be (30/(-12)*2)/1*-34. Calculate the highest common factor of 40 and n.
10
Let r = 130 + -62. Let m be 561/r*4*1. Calculate the greatest common divisor of m and 3.
3
Suppose l = 4*l - 6. Suppose m - 397 = r - 4*r, 0 = -l*m + 2. Let u(t) = -t + 7. Let v be u(-5). Calculate the greatest common factor of v and r.
12
Suppose -p - 3*p = -k + 84, 4*k + 3*p - 412 = 0. Suppose 40 = 2*s - 2*y, 4*s + 2*y = -0*s + 110. What is the highest common factor of s and k?
25
Let q(a) = a**2 - 3*a + 3. Let u be q(2). Suppose c = 4 - 3. What is the greatest common divisor of c and u?
1
Let q(j) = 35*j**2 - 3*j + 1. Let k be q(2). Let x(i) = -1152*i - 5733. Let h be x(-5). Calculate the greatest common divisor of h and k.
27
Let s be 33/88 + (-270)/(-48). Let y be -1*(2 - 1 - -2). Let h = 